f - 6. Suppose -3*n + 52 = 4*j, -f*j = 3*n - 3*j - 48. What are the prime factors of 2 - -31 - n/(-4)?
2, 3
Let q = 3 - 4. Let z be (-2)/q*(-6)/12. List the prime factors of -2*(z + (-57)/6).
3, 7
Suppose k - 6*k + 15 = 0. Suppose 0*d - k*t + 131 = 5*d, -d = 4*t - 33. List the prime factors of d.
5
Let l be 16/28*(10 - 3). Suppose -l*z = 3*z + 196. What are the prime factors of (-938)/z + 6/(-4)?
2
Let f be 36/(-24)*(-16)/3. Suppose f*d = 6*d + 82. What are the prime factors of d?
41
Suppose -132 = 3*g - 0*g. Let k be (0 + 20)*33/g. Let y = 5 - k. List the prime factors of y.
2, 5
Let q = 4390 + 68. List the prime factors of q.
2, 3, 743
Let l = -6 - -33. Suppose -3*a + 0 - l = 0. List the prime factors of 3/(a/(-6)) - -18.
2, 5
Let r be 2/(1 - (-3035)/(-3030)). What are the prime factors of (-4)/(-20) + r/(-15)?
3
Let n = -7 - -7. Suppose 36 = -2*b - n*b. Let q = -10 - b. What are the prime factors of q?
2
Let r(a) = 2 + 0 - a**2 - 10 - 10*a + 0*a. Suppose -k - 24 = 3*k. List the prime factors of r(k).
2
Let i(q) = 2*q**2. Suppose 4*d = u + 2, 35 = -3*u - 2*d + 1. Let c be u/3 - 5/(-15). What are the prime factors of i(c)?
2, 3
Suppose 24*b - 4370 = 4702. List the prime factors of b.
2, 3, 7
Let t be (-5694)/22 - (-16)/(-88). Let p = -133 - t. List the prime factors of p.
2, 3, 7
Let t(p) be the third derivative of p**4/8 + 2*p**3/3 - 4*p**2. What are the prime factors of t(13)?
43
Suppose -1 - 8 = -3*t. Let k be (17 - t)*2/4. Suppose -60 = 2*f - k*f. List the prime factors of f.
2, 3
What are the prime factors of (-4)/(-6 - -5) - -259?
263
Let g = 6261 + -2700. What are the prime factors of g?
3, 1187
Suppose -144*p + 165*p = 17136. What are the prime factors of p?
2, 3, 17
Suppose -p - 39 = 7. Let g = p + 91. What are the prime factors of g?
3, 5
Suppose 3*o - 2*f - 2*f + 373 = 0, -591 = 5*o + f. Let c = 204 + o. List the prime factors of c.
5, 17
Let l(r) = 5*r + 35. List the prime factors of l(6).
5, 13
Let r(h) be the third derivative of 2*h**6/15 + h**5/60 - h**4/12 + h**3/6 - 13*h**2. What are the prime factors of r(2)?
3, 43
Let l(x) = -2*x - 30. Let z be l(-16). List the prime factors of (-574)/(-4) - (-1)/z.
2, 3
Suppose 0 = 2*r + m - 4917, 1352 = -4*r + 3*m + 11181. List the prime factors of r.
2, 1229
Let r(q) = -q**2 - 14*q + 17. Let s be r(-19). Let v = -22 - s. List the prime factors of v.
2, 7
List the prime factors of ((-4230)/120)/(6*4/(-2272)).
47, 71
Suppose 8*n - 2808 = -4*u + 3*n, 2133 = 3*u - 3*n. What are the prime factors of u?
7, 101
Let b = 139 + -70. Let p = b + 39. What are the prime factors of p?
2, 3
Let c = 3 + -1. Suppose -5*m = -3*v - 535, -5*m + c*m + 340 = 2*v. Suppose -2*w + 3*u + m = 0, -3*w + 8*u + 167 = 4*u. List the prime factors of w.
61
Suppose -4*p = 4*v + 48, 3*p - p = 0. Suppose 4*a + a = -2*d - 36, -2*d + 4*a = 0. What are the prime factors of d/v - (-244)/12?
3, 7
Suppose -33*u - 30735 = -78*u. List the prime factors of u.
683
Let o(d) = 2*d**2 + 5*d**3 - d + 7 - 6*d**2 + d**2 - 6*d**3. Let l be o(-3). Suppose 106 = -l*x + 12*x. What are the prime factors of x?
53
Let p(l) = -66*l - 80. What are the prime factors of p(-14)?
2, 211
Let j be (-12*1)/3 + 4. Suppose -k + 247 = -j*w - 4*w, 4*k - 2*w = 946. What are the prime factors of k?
5, 47
Let b(u) = -5*u - 137. Let q be b(0). Let s = q - -194. List the prime factors of s.
3, 19
Let d = 93 + 14. Let m = 76 - d. Let k = 44 - m. List the prime factors of k.
3, 5
Let k be -3 - -2 - (-107 + 0). Suppose 3*c = -2*n + k - 42, -1 = n. List the prime factors of c.
2, 11
Let k(f) = -9*f + 6. Let u be k(2). Let h = u - -12. Suppose h = 23*x - 28*x + 85. List the prime factors of x.
17
Suppose 14*u - 12*u - 2*v - 1082 = 0, u - 4*v - 526 = 0. List the prime factors of u.
2, 3, 7, 13
Let d be (5/(-2))/((-1)/2*1). Suppose r - 1 = -d*v, -r - 5*v - 104 = -5*r. What are the prime factors of r?
3, 7
Let q = -703 + 1698. What are the prime factors of q?
5, 199
Let p = -142 + 266. Let d = 163 - p. What are the prime factors of d?
3, 13
Let v = -1016 + 1598. List the prime factors of v.
2, 3, 97
Let z(h) be the first derivative of -h**3/3 - 9*h**2 - 6*h - 8. List the prime factors of z(-7).
71
Let p(o) = o**2 + 8*o - 12. Let s be p(-11). Let f = s - 19. Suppose f*x + 1 = 47. What are the prime factors of x?
23
Let k be (-162)/(-14) - (-39)/91. Suppose -44 = -2*z - k. What are the prime factors of z?
2
Suppose -2*j + 5*j - 39 = 3*s, 0 = 5*s + 10. Suppose i - j*i = -420. List the prime factors of i.
2, 3, 7
Let l = 1453 + -857. What are the prime factors of l?
2, 149
Let b(c) = -c**3 + 11*c**2 + 4*c - 5. Let t be b(11). What are the prime factors of t - 12/(4/(-1))?
2, 3, 7
Let c be (46 - (0 + 1))*(51 - 50). Suppose 0 = -3*u + 3 + 6. Suppose 3*j + o = -0*o + c, o = u. What are the prime factors of j?
2, 7
Suppose -2*k + 34 - 4 = 0. Let m = -29 + k. List the prime factors of 4/m - 30/(-7).
2
Let p = -356 - -491. What are the prime factors of p?
3, 5
Suppose 31 = 4*l + 11, -26 = -f - 4*l. Suppose -f*x = -4*x - 208. What are the prime factors of x?
2, 13
Let z = 2049 - 1266. List the prime factors of z.
3, 29
Let b = 5147 + -2709. List the prime factors of b.
2, 23, 53
Let x = -703 + 952. List the prime factors of x.
3, 83
Suppose z + 4*d - 17 = 0, -4*z - d = z - 28. Let f(a) = 9*a + 20. Let l be f(z). Suppose -2*w + 3*w = l. What are the prime factors of w?
5, 13
Let m = -98 + 476. What are the prime factors of m?
2, 3, 7
Let r be 2*(-1)/2 + 7/7. Suppose -2*f = -5*b - 120, -3*b - 180 = -3*f - r*b. What are the prime factors of f?
2, 3, 5
Let k = -5 - -5. Suppose l + q + 0*q - 3 = k, 50 = 5*l - 2*q. Suppose 37 = 9*s - l*s. What are the prime factors of s?
37
Let y = 2180 - 2068. List the prime factors of y.
2, 7
Suppose 3*s + 2 = -5*b, 0 = 2*s - 6*s - 16. Suppose 6 = p + b. List the prime factors of (-2)/(-1)*6/p.
3
Let r(m) = 23*m**2 + 10*m - 2. List the prime factors of r(8).
2, 5, 31
Let j(v) = -11*v + 7*v + 10*v**2 + 2 - 7*v - v**3. Let n be j(8). Suppose 0*i + 2*i = n. List the prime factors of i.
3, 7
Let l = 135 - 47. Suppose -l = -2*x + g, 0 = -3*x + 2*g - 3*g + 142. What are the prime factors of x?
2, 23
Let m = 1206 + -556. What are the prime factors of m?
2, 5, 13
Let k be (-2 - 2)/(18/(-1341)). What are the prime factors of (-3)/2*k/(-3)?
149
Suppose 0 = -21*d - 171 + 24069. List the prime factors of d.
2, 569
Let r(x) = -6*x**3 - x**2 + 1. Let i be r(2). Let v(n) = 13*n + 36. Let m be v(6). Let q = m + i. What are the prime factors of q?
3, 7
Let r = -221 + 889. List the prime factors of r.
2, 167
Suppose k + 3*y = 2*k - 2, -4 = -k + y. Suppose -u - k*f + 24 = -2*f, -4*u + 4*f = -160. List the prime factors of u.
2, 3
Suppose -6*b = -11*b + 545. Suppose 0 = -4*m + 23 + b. What are the prime factors of (-418)/m*3/(-2)?
19
Suppose 0 = v - 3*j - 136, 2*v + 5*j = 2*j + 299. What are the prime factors of v?
5, 29
Suppose -3 = -d - 0. Suppose -2*n - d - 1 = 0. What are the prime factors of n/3 - (-20)/3?
2, 3
Suppose -5*n + n = 2*o + 52, n - 5*o + 2 = 0. Let t = 29 - n. What are the prime factors of t?
41
What are the prime factors of (-135690)/(-18)*3/5?
4523
Let k(b) = -3*b**3 - 7*b**2 + 3*b + 10. Suppose -2*z = -4*q - 22, 5*q + 3*z = 4*z - 26. What are the prime factors of k(q)?
3, 5, 13
Suppose 0 = 2*c + 18 + 48. Let h = -19 - c. Suppose 15*j - 42 = h*j. List the prime factors of j.
2, 3, 7
What are the prime factors of (-4174)/(-6) + (-17)/(-51)?
2, 3, 29
Let i be (5 + -5)*3/(-12). Let x(z) = -z**2 + z + 77. List the prime factors of x(i).
7, 11
Let l be (2 - 44/8)*-2. Suppose 0 = -r - g + 44, -2*r + l*r - 208 = g. What are the prime factors of r?
2, 3, 7
Suppose 5*s - 8160 = -7*s. What are the prime factors of s?
2, 5, 17
Let a(s) = s**2 - 2*s + 1. Let c be a(1). Suppose c = 4*i - 105 + 37. What are the prime factors of i?
17
Let x(r) = -r**3 - 7*r**2 - 6*r + 1. Let a be x(-6). What are the prime factors of 9/3 + 45 + a?
7
Let i = 84 + 95. Suppose 2*v = 5*v - 2*j - i, -5*v + 299 = -4*j. List the prime factors of v.
59
Let t(p) be the third derivative of p**5/60 - p**4/24 - 3*p**3/2 - 3*p**2. Let c be t(6). Let k = 23 - c. What are the prime factors of k?
2
Suppose 6*q = q - 30. Let p = q - -53. What are the prime factors of p?
47
Let o(j) = 2*j**2 + 4*j.